 Calculate s(-13).
-2
Suppose 3*w - 635 = -5*m, 3*w - 10*m - 595 = -5*m. Let y = -208 + w. Let a(i) = -22*i + 9. Let b(k) = 15*k - 6. Let p(r) = 5*a(r) + 7*b(r). Calculate p(y).
18
Let h(c) = 3*c**3 - 1 - 1 - 166606606*c**2 - 3*c + 166606608*c**2. Let q be (2 + -1)*2/(-1). What is h(q)?
-12
Let o(z) = z**2. Suppose -2*v - 25 = 31. Let y = 28 + v. Suppose 0 = -5*x - 5 - y. Determine o(x).
1
Let r(m) = -8*m - 138. Let f be r(-18). Let p be ((-6)/f)/(9/54). Let b(c) = -c**3 - 6*c**2 - 2*c. Determine b(p).
12
Let n(o) = 2*o**2 + 2*o + 2. Let y be n(-1). Let w(q) = -4 + y - 2 + q. Let m(g) = -g - 2. Let b be m(-6). Give w(b).
0
Let w(f) = -f**3 + 6*f**2 - f - 3. Let z(m) = -m**3 + 3*m + 1. Let p(o) = -w(o) + 2*z(o). Let t = 14 + -21. Give p(t).
5
Let t be -122 - (0/3)/(-7). Let j = t - -124. Let n(i) = -2*i**3 - 7*i + 2. Let m(p) = -p**3 - 3*p + 1. Let f(q) = -7*m(q) + 3*n(q). Determine f(j).
7
Let i(t) = 3*t**2 + 11*t - 3. Let v(h) = 7*h**2 + 22*h - 7. Let m(q) = 5*i(q) - 2*v(q). Let j be 80/300*-35 + 1/3. Calculate m(j).
-19
Let g(r) = -2*r - 20. Let t(x) = 13*x - 28. Let b be t(4). Suppose -b = -17*f - 177. Determine g(f).
-2
Let o(f) be the first derivative of -11 + 0*f - 2*f**3 + 1/2*f**2. Suppose 0*a - 5*a = 5. What is o(a)?
-7
Let c(h) = 2*h - 38. Let r(p) = -3*p + 41. Let b(q) = 4*c(q) + 3*r(q). What is b(-18)?
-11
Let d(j) = j - 8*j - 15 - 2*j + 24 + 26. Determine d(5).
-10
Let p be 3 + (-1 - (1/1 - -3)). Let m be (0 + -2)*p/2. Let j(c) = -m*c**3 - 5 - 4*c**2 - c + 6 + 3*c**3 - 6*c. What is j(5)?
-9
Suppose 11*n = 2*n + 63. Let f be n + -2 + -4 + -3. Let v(x) = 4*x + 3. What is v(f)?
-5
Let o be 4 - (-5 - (-6 + 3)). Let b = -4 + o. Let m(d) = -2 + 2*d + 4*d**b - 9*d**2 + 6*d**2. Give m(-4).
6
Let i(r) = 7*r. Let z(l) = 15*l - 9. Let v(b) = -5*i(b) + 2*z(b). Give v(-3).
-3
Let s(x) = x**2 + 5*x. Let o = -59 + 72. Let n be o/((-52)/16) + (-1 - -2). Give s(n).
-6
Let l = 17 + -6. Let j = l - 22. Let u(v) = -v**3 - 10*v**2 + 10*v - 8. Let n be u(j). Let z(w) = w**3 - 4*w**2 + 3*w - 4. Calculate z(n).
-4
Let n(r) be the first derivative of r**4/4 - r**3/3 + r**2/2 - 69*r + 313. What is n(0)?
-69
Suppose 466*l = 461*l + 315. Let u(j) = -l*j - 61*j - 1 - 59*j + 180*j. Calculate u(-3).
8
Let f(o) = o**2 - 20*o. Let h be 2 + (1 + -26 + -3)*(-30)/60. What is f(h)?
-64
Let u be (-210)/525*(-5 - (16 - 1)). Let v(l) = 2*l - 8*l**2 - 11 + 2 + l**3 - 2. What is v(u)?
5
Let t(h) = -h**3 - 8*h**2 + 27. Let j = 9138 + -9145. What is t(j)?
-22
Let r(s) be the second derivative of -7/2*s**2 - 1/20*s**5 - 15*s - 1 + 1/3*s**3 + 1/2*s**4. Suppose 3*j - 18 = -0*j. Give r(j).
5
Let k(n) be the second derivative of n**3/6 + 2*n - 4. Suppose -2*f = 2*f + 16, 3*f - 12 = -4*y. Let x be k(y). Let o(z) = 2*z - 8. What is o(x)?
4
Let y(x) = -x**3 + 9*x**2 + 11*x - 5. Let z be ((-15)/24*6)/((-51)/272). Suppose 9*h - 12*h + z = -5*j, 3*h - j - 28 = 0. What is y(h)?
5
Let x(n) = -n + 8. Let p be x(8). Let o(i) = -i**2 + p*i - 9*i - 4*i + 8*i. Let u = 494 - 499. Calculate o(u).
0
Let r(s) = 2*s**3 - 10*s**2 - 2*s + 11. Suppose 0 = -283*y + 266*y + 68. Calculate r(y).
-29
Let t(h) = -h**3 + 3*h**2 - 6*h + 25. Let i(n) = 4*n**2 + 181*n + 810. Let z be i(-5). Give t(z).
-55
Let v(q) = -2*q + 3*q**2 + 14 - 4*q + 20*q - 4*q**2 - 13*q. Let o be (-20)/(-50) - 27/5. Let n be (o/(-2) - 2)*0. Calculate v(n).
14
Let i(r) = -4*r + 21. Let h(m) = 2*m - 10. Let s(d) = -7*h(d) - 3*i(d). Let g = 7 - 4. Let n be (12 - 6)*4/g. Give s(n).
-9
Let w be (8/(-3) - 3/9) + -44. Suppose 0 = 5*a - 121 + 356. Let d = w - a. Let q(m) = m**2 + m - 5. What is q(d)?
-5
Let g(p) = -3*p - 12. Let r(k) = 13*k + 49. Let j(q) = 9*g(q) + 2*r(q). Let c = 603 - 583. Suppose -3*n - 36 = 4*v, c*n + 2*v = 23*n + 18. Determine j(n).
-2
Let o = -36 - -43. Let t(s) = -11*s**3 + 12*s**2 + s - 5. Let y(f) = 9*f**3 - 11*f**2 - f + 5. Let d(n) = -4*t(n) - 5*y(n). Calculate d(o).
2
Suppose 4*i + 146 + 470 = 0. Let x = i - -154. Let t(h) = 3*h**3 + 2*h**2 + 15. Let n(y) = -7*y**3 - 5*y**2 - 31. Let r(a) = -2*n(a) - 5*t(a). What is r(x)?
-13
Let h(f) = -2*f**2 + 6*f. Suppose 4*z + 387 = 13*z. Let m = 42 - z. Let i be m/1 - -4 - (-7 + 6). Determine h(i).
-8
Let o be (-114)/(-22) + -2*7/(-308)*-4. Let m(v) = -v**2 + 11*v - 24. Give m(o).
6
Let y(q) be the third derivative of 23*q**4/24 + 5*q**3/6 + 2580*q**2. Give y(-5).
-110
Let y(j) = j**2 + 4*j + 1. Suppose 0*z = 2*z. Suppose 3*a - 6 = z, 0*a - 6 = -u + 3*a. Let w = u + -15. Give y(w).
-2
Let p(r) be the first derivative of -r**4/4 - 4*r**3/3 - 2*r**2 - 4*r - 53. Let a(s) = s**3 - 26*s**2 + s - 30. Let l = 33 - 7. Let v be a(l). What is p(v)?
12
Suppose 44*k = 40*k + 20. Suppose 5*i - 24 = -4*n, -k*n + 0*i - 7 = -3*i. Let f(h) = n + 3*h**2 + 6 - 2*h - 5. Give f(2).
10
Let f(s) = -s**2 + 3*s. Suppose 5*k = -2*t - 21, -t - 2*k - 3*k = 18. Let v = t + 0. Let u be v/(-4)*(4 - (1 + -1)). Calculate f(u).
0
Let a = 2851 + -2862. Let u(l) = -l**2 - 12*l - 19. Give u(a).
-8
Suppose 0 = 5*i - 2*i - 4*s - 77, -3*i - s + 67 = 0. Let x = i - 20. Suppose -x*z - 3*g + 6*g = 0, -5*z + 4*g = 1. Let n(f) = -5*f**3 - f**2 + 1. Give n(z).
5
Let v(z) = -53*z + 13. Let c(d) = 62*d - 12. Let w(i) = -6*c(i) - 7*v(i). What is w(7)?
-26
Let k(c) = 7*c + 50. Let p(m) = m + 1. Let d(a) = k(a) - 4*p(a). Let v be d(-18). Let n(w) = -6*w**2 - w**2 - w - 5*w**3 + 10*w + 12 + 4*w**3. What is n(v)?
4
Let m(s) = 6*s**3 - 8 - 11*s - 5*s**3 - 345*s**2 + 359*s**2. What is m(-15)?
-68
Let h(f) = f**3 + 11*f**2 + 7*f - 24. Let y be h(-10). Let b(r) = -2*r + 339 + r + y*r**2 - 331 - r**3. Determine b(6).
2
Let f(s) = -6*s + 14. Let q = 421 + -19. Let w = q - 398. Determine f(w).
-10
Suppose -127 = -19*i + 122 - 249. Let k(v) = -2*v**2 + v + 74. Calculate k(i).
74
Let u(l) = l**3 - 5*l**2 + 4*l - 2. Let s = -17 - -19. Suppose 37 = 3*x + 2*z, -s*x - 2*x - z = -41. Let q = -5 + x. What is u(q)?
-2
Suppose w - 4*j = 207, 3*w - 5*w - 5*j = -362. Let v = -190 + w. Let t(r) = -9*r**3 - r + 1. Determine t(v).
-9
Let z(l) = 4*l + 2. Let c(w) = w + 1. Let g(y) = 6*c(y) - 2*z(y). Suppose 2*v = 10*v. Suppose v*x + 168 = 24*x. Determine g(x).
-12
Let o(h) = 351*h + 357*h + 8*h**2 - 6*h**2 - 9 - 710*h. What is o(2)?
-5
Let a(j) = -10*j**2 + 150*j**3 - 25*j + j**2 + 14 - 149*j**3. What is a(11)?
-19
Let p(j) = j**3 - 7*j**2 + 8*j - 20. Suppose -199*d + 51 = 5*m - 196*d, 2*m - 5*d = -23. Calculate p(m).
-8
Let d(c) = 3*c**2 - 31*c + 9. Let a(n) = -17*n**2 + 202*n - 52. Let g(r) = -2*a(r) - 13*d(r). What is g(5)?
-143
Let m(b) be the first derivative of -b**3/3 + 33*b**2/2 - 243*b - 1152. Calculate m(10).
-13
Let z(v) = -15*v - 5. Let y be (1/1)/((-150)/(-12) + -13). Give z(y).
25
Suppose 2*b + 9*u = 4*u - 11, 4*b + 2*u - 18 = 0. Let w(z) = -1 - 1 + 0 - 4*z + 13*z - b*z. Calculate w(-3).
-8
Let a = 5773 - 5798. Let w(r) = -r**3 - 24*r**2 + 20*r - 129. Give w(a).
-4
Let m(j) = -5*j + 2*j**2 + 1685 - 804 - 16*j - 4*j - 848. Determine m(11).
0
Let w(g) = g**3 + 3*g**2 - 12*g + 1. Let l = -16347 + 16342. Determine w(l).
11
Let q(o) = -83 - 96 + 273 - 104 - 10*o. Calculate q(-7).
60
Let w(d) = -2*d + 1. Suppose -24 = -2*r - 4*t, 4*t - 30 = 3*r - 6*r. Let o(k) = -2*k - 1. Let s(a) = r*o(a) - 5*w(a). Determine s(-11).
11
Let x(m) = -4*m - 518 + 562 - m. Let c be x(8). Let o(b) = 0*b + 3*b - 1 + 4*b**2 - b**3 - 4. Give o(c).
7
Let d(o) be the third derivative of -o**6/120 - o**5/12 + o**4/6 + o**3/6 - 5*o**2 + 174*o. Let k = 2 + -8. What is d(k)?
13
Let s(g) = 2*g**3 - 4*g**2 + 9*g - 7. Let c(f) = 3*f**3 - 3*f**2 + 9*f - 6. Let n(j) = 3*c(j) - 4*s(j). Let l be 210/30 + 1 + -16. Give n(l).
18
Suppose 2*u - 12109 = -12087. Let v(g) = -g - 4. Calculate v(u).
-15
Let h(y) = y**2 + 2*y - 19. Let p(m) = 5*m + 139. Let q be p(-29). Give h(q).
5
Let a(z) = 1917*z - 384*z - 380*z - 380*z - 386*z + 4 - 388*z. Let i = -33 - -59. Let k be 8/(-28) + i/(-7). Determine a(k).
8
Suppose 11*s + 9*g = 4*g + 138, 0 = 2*s + 2*g - 24. Let c(d) = 0*d - 20 + 2*d + 1. Give c(s).
7
Let j(h) be the first derivative of 2*h**3/3 + 5*h**2 - 6*h - 885. Calculate j(-5).
-6
Let l = 1695 - 1678. Let z(f) = f**2 - 18*f + 42. Calculate z(l).
25
Let j(l) = -7*l**2 + 47*l + 15. Let b be (-11)/(-2) - 192/(-128). Give j(b).
1
Let q = -46557 - -46552. Let g(y) = -4*y - 4*y - 